rs of c?
2, 563
List the prime factors of ((-183048)/(-9))/4 + 8/24.
3, 5, 113
Suppose -z - 5*y = 4*z - 65, -5*y - 43 = -z. Let a = -3 + z. Suppose -4*g + a = 3. What are the prime factors of g?
3
Let p(o) = o - 1. Let a(h) = -7*h + 6. Let c(f) = -a(f) - 6*p(f). Let s be c(3). Suppose -s*r = -6*r + 24. List the prime factors of r.
2
Suppose 16 = 5*g + 2*r, 0 = -g + 5*r - 6 + 20. Suppose 0 = -g*q - 0*q + 136. List the prime factors of q.
2, 17
Let l(n) = n + 0*n - 1 + 0*n. Let d be l(4). Suppose 0 = -3*h + 4*t - 8 + 55, -33 = -2*h + d*t. What are the prime factors of h?
3
Let s(d) = d - 2. Let m(b) = b - 4. Suppose 6 = 2*v + 2. Let w(t) = v*m(t) - 5*s(t). What are the prime factors of w(-4)?
2, 7
Suppose 14*o = 15*o - 17. Suppose -o*h + 3357 = 535. List the prime factors of h.
2, 83
Let o = 1381 - 191. What are the prime factors of o?
2, 5, 7, 17
Suppose -72 = -5*q - 197. What are the prime factors of (-1220)/q - 3/(-15)?
7
Suppose 0*h + 4*h = -5*r, -4*h = -5*r. Suppose 2*t - 560 = -3*y - y, -y - t + 138 = h. What are the prime factors of y?
2, 71
Suppose 4*c = 2*c + 2. List the prime factors of (c - 14)*-3 - 2.
37
Let s = 125 - -60. Suppose -r = 56 - s. List the prime factors of r.
3, 43
Suppose -7*d = -11*d - 8. List the prime factors of 324/6 + 5 + d.
3, 19
Suppose l = 3*r - 1462, 0 = r + l - 412 - 82. What are the prime factors of r?
3, 163
Let b(j) be the first derivative of 34*j**2 - 21*j - 25. List the prime factors of b(4).
251
Suppose -22*i + 15 = -17*i. Suppose -5*m = 3*w - 52, -5*w + 19 = i*m - 9. What are the prime factors of m?
11
What are the prime factors of 37/((25 + -24)*(-1)/(-5))?
5, 37
Suppose 3*r - 21 = -3*d + 18, -2*d = -3*r + 64. Let w = r + -18. Suppose c = -3*k + 14 + 19, w = -5*c - k + 179. List the prime factors of c.
2, 3
Let y(c) = -15*c - 19. Let i(x) = x - 1. Let g(s) = -4*i(s) + y(s). List the prime factors of g(-7).
2, 59
Let d(i) = -i**2 - 11*i. Let h be d(-11). Suppose h = p - 158 + 8. Suppose x = -4*x + p. List the prime factors of x.
2, 3, 5
Let j(u) = u**2 + 10*u + 9. Let i be 70/(-8) - 1/4. Let o be j(i). Suppose -g = -4*r + 32, -g - 3*g - 16 = o. List the prime factors of r.
7
List the prime factors of (-89019)/(-117) + 2/13.
761
Let z(q) = -3*q**3 + q - 2. Let h be z(3). Let b = -15 - h. List the prime factors of b.
5, 13
Let l(t) be the second derivative of t**4/12 + 7*t**3/6 - 15*t**2/2 - 5*t. Let v be l(-8). Let r = v + 16. What are the prime factors of r?
3
Suppose b + 90 + 489 = 0. List the prime factors of ((-14)/21)/(2/b).
193
Let f(s) = s + 12. Let w be f(-13). Let x(m) = -m. Let l(q) = 36*q. Let p(o) = -l(o) - x(o). What are the prime factors of p(w)?
5, 7
Let k(l) be the second derivative of -l**5/20 + l**4 - 7*l**3/6 + 17*l**2/2 - 43*l. What are the prime factors of k(9)?
197
Let g be -1*(3 - (9 + -1)). Suppose 104 + 124 = 2*u - 2*x, -g*u + 4*x = -572. List the prime factors of u.
2, 29
Let m be 36/6*1/2. Suppose -340 = 2*l - 6*l. Suppose -m*i + 2*r - 4*r = -l, 3*r = 3*i - 60. What are the prime factors of i?
5
Let h be ((-51)/(-9) - 3) + 4/3. Suppose -846 = -h*o - 266. List the prime factors of o.
5, 29
Let f = 3547 + -2522. What are the prime factors of f?
5, 41
Let y = -860 + 3754. What are the prime factors of y?
2, 1447
Let y = 154 + -76. Let d = y - 53. List the prime factors of d.
5
List the prime factors of 6 + 3/(21/2450).
2, 89
What are the prime factors of 10/(20/3322) - -9?
2, 5, 167
Let k(v) = -v**3 - 13*v**2 + 126*v + 20. List the prime factors of k(-20).
2, 3, 5
Suppose 10 - 30 = -5*w, 3*l - 30 = -3*w. What are the prime factors of 7 - (l/8 + 2/8)?
2, 3
Let v(y) = -y**2 - 6*y. Let a be v(-3). Suppose -3 = -3*j, 0 = -5*q + 5*j - a*j + 279. List the prime factors of q.
5, 11
Let k = 451 - 308. Let p be 1 - (2 + -1)*-2. Suppose p*f - k = -41. What are the prime factors of f?
2, 17
Suppose 0 = -5*m + 2*c + 742 + 355, -c - 1101 = -5*m. Suppose -4*f = -1105 + m. List the prime factors of f.
13, 17
Let v = -98 - 253. Let y = -182 - v. List the prime factors of y.
13
What are the prime factors of (8/(-6))/(8/(-234))?
3, 13
Let k be 9/6 - 2/(-4). Suppose -k*h + 579 = 189. Suppose -2*z = -7*z + h. What are the prime factors of z?
3, 13
Suppose 225 = -6*g + 1431. Let u = -9 + g. List the prime factors of u.
2, 3
Let k(b) = b**2 + 2*b + 7. Let i be k(-7). List the prime factors of 18/i + 193/7.
2, 7
Let u(c) = -40 - 8 - 27*c - 7 + 4*c. What are the prime factors of u(-10)?
5, 7
What are the prime factors of 136/3*750/40?
2, 5, 17
Let b(y) = y**2 - 2*y + 2. Let i be b(3). Suppose -5*l - 20 = -2*n + 3*n, i*l + 30 = n. List the prime factors of 0/2 - (-25)/n.
5
Suppose -f + 4*a = -1279, -6*a + 5*a + 3863 = 3*f. What are the prime factors of f?
3, 11, 13
Let k(b) = 2*b**2 + 30*b - 40. Let d be k(-17). Suppose 0 = 4*r - 3*r - d. What are the prime factors of r?
2, 7
Let c = 448 - 120. What are the prime factors of c?
2, 41
Let s be (-1204)/20 - 1/(-5). Let z be (-4)/18 - s/27. Suppose z*q = -o + 36, 5*q + 4*o = 39 + 45. What are the prime factors of q?
2, 5
Suppose -3*f - 208 = -2*b, -1 + 563 = 5*b + 3*f. List the prime factors of (-240)/(-25)*b*(-3)/(-12).
2, 3, 11
Suppose 5 = x, -3*c + 5*x - 3*x = -3290. What are the prime factors of (-1)/(3 - 3305/c)?
2, 5, 11
Let g = 112 - 110. Suppose 0 = -2*x - v + 330, 0 = -x - g*v - 3*v + 183. List the prime factors of x.
163
Let p(g) = -g + 1. Let s be p(4). Let o(x) = -10*x**2 - 4*x - 3. Let j be o(s). Let m = -47 - j. What are the prime factors of m?
2, 17
Suppose 2*v = -0*v + 90. Suppose -30 = b - 41. Let q = v - b. List the prime factors of q.
2, 17
Let h be 1/(-2*(-4)/752). Let q = 157 - h. What are the prime factors of q?
3, 7
Let a = 3154 - 721. What are the prime factors of a?
3, 811
Suppose -3 = -0*k - k - a, -3*a = 4*k - 11. Suppose -f = k*f - 654. What are the prime factors of f?
2, 109
Suppose -5*m + 11 = -14. Let v = 14 - m. Suppose v = -3*s + 33. List the prime factors of s.
2
Let c be -8 + (-2 - (0 + 2)). What are the prime factors of (310/4)/((-6)/c)?
5, 31
Let j(d) = -2*d - 2*d**2 + 11*d**3 + 4 + 0*d**2 + d**2 + 4. List the prime factors of j(3).
2, 5, 29
Let m(s) = -s**3 + 7*s**2 + 2*s + 7. Let p be m(8). Let x = 78 + p. List the prime factors of x.
37
Let s = -225 - -423. Let q = -29 + s. Let v = -120 + q. What are the prime factors of v?
7
Suppose -3*m - 8*c + 5*c + 48 = 0, -5*m + 4*c = -98. List the prime factors of m.
2, 3
Suppose 336 = 7*j - j. Suppose 0 = 4*k - 4*q - j, 3*k = -0*q + q + 36. Suppose k*x - 232 = 7*x. What are the prime factors of x?
2, 29
Let j(m) = 157*m + 248. List the prime factors of j(18).
2, 29, 53
Suppose -4 = -2*j + 4*s, j + 1 = -4*j - s. Suppose -2*b - 4*a + 77 = a, -3*b + 4*a + 58 = j. List the prime factors of b.
2, 13
Let r be 1/(0 + ((-15)/(-6) - 2)). What are the prime factors of (-15)/r*8/36*-51?
5, 17
Let g(t) = -t - 8. Let x be g(-13). Suppose -x*m = -6*m + 67. Suppose 0 = -2*c - 2*d + d + m, 3*d - 41 = -c. What are the prime factors of c?
2
Let m(w) = 103*w + 130. What are the prime factors of m(11)?
3, 421
Suppose -128 = 3*x - 5*b, 4*x - 3*b = -38 - 140. Let w(r) = 3*r - 16. Let s be w(-5). Let f = s - x. What are the prime factors of f?
3, 5
Suppose -12 = 4*f, -3*t + 0*f = -3*f - 363. Let q = t + -47. List the prime factors of q.
71
Let h(m) = -3*m**3 + 12*m**2 + 14*m + 4. Let w(o) = 16*o**3 - 61*o**2 - 71*o - 20. Let i(u) = 11*h(u) + 2*w(u). What are the prime factors of i(9)?
193
Let s(n) = n**3 + 13*n**2 + 9*n - 26. Let v be s(-12). What are the prime factors of 426/4 + (15/v - 0)?
2, 3
Let s = -89 + 240. What are the prime factors of s?
151
Let v(b) = 5*b - 4*b - 10 + 3*b**2 - 2*b**2 + 0*b**2. Let t be -10 + 2/1 + 1. List the prime factors of v(t).
2
Let d(o) be the second derivative of 5*o**3 - 11*o**2/2 - 3*o. List the prime factors of d(3).
79
Suppose -24*t = -3*a - 26*t + 2088, a - 713 = 5*t. List the prime factors of a.
2, 349
Let u(p) be the first derivative of p**4/4 - 5*p**3/3 + 4*p - 184. Let o(d) = -d**2 + 4*d + 1. Let n be o(2). What are the prime factors of u(n)?
2
Suppose 5*n - 189 = 2*n. Suppose -167*r + 164*r + n = 0. List the prime factors of r.
3, 7
Let y(g) = -g**3 + 3*g**2 - g - 35. List the prime factors of y(-7).
2, 3, 7, 11
Let t(q) = -48*q - 32. List the prime fac